{"id":7855,"date":"2025-10-14T17:56:10","date_gmt":"2025-10-14T15:56:10","guid":{"rendered":"https:\/\/www.coach-eco.com\/coach\/?page_id=7855"},"modified":"2025-10-14T17:56:12","modified_gmt":"2025-10-14T15:56:12","slug":"nf-c-15-100","status":"publish","type":"page","link":"https:\/\/www.coach-eco.com\/coach\/normes-dtu-reglementations-eurocodes\/nf-c-15-100\/","title":{"rendered":"NF C 15-100"},"content":{"rendered":"\n<p>La norme <strong>NF C 15-100<\/strong> \u00e9volue en Juillet 2025<\/p>\n\n\n\n<figure class=\"wp-block-image size-full\"><img decoding=\"async\" src=\"https:\/\/formations-cms.com\/wp-content\/uploads\/2025\/08\/image-13.png\" alt=\"\" class=\"wp-image-7731\"\/><\/figure>\n\n\n\n<p>L&rsquo;application de la nouvelle version NF C 15-100 devient obligatoire au 1er Septembre 2025. Elle concerne les chantiers pour lesquels la demande de permis de construire, la d\u00e9claration pr\u00e9alable de construction ou la signature du march\u00e9 ont \u00e9t\u00e9 effectu\u00e9es&nbsp;<strong>apr\u00e8s le 23 ao\u00fbt 2024<\/strong>.<\/p>\n\n\n\n<p><strong>\u00c0 compter du 1er Septembre 2025<\/strong>, pour tout dossier CONSUEL d\u00e9pos\u00e9 ou compl\u00e9t\u00e9, choisir la version de la norme applicable \u00e0 l&rsquo;installation. D\u00e9tail des cas dans&nbsp;<a href=\"https:\/\/actualites.consuel.com\/installations-autoconsommation\/\">l\u2019article du 29 juillet de l\u2019Info CONSUEL<\/a><\/p>\n\n\n\n<p><strong>P\u00e9riode de transition du 01\/09\/2025 au 31\/05\/2026 :<\/strong><\/p>\n\n\n\n<ul class=\"wp-block-list\">\n<li>Jusqu\u2019au 31\/05\/2026, les anciennes versions de dossiers techniques sont accept\u00e9es pour les cas 1 et 2, sous conditions.<\/li>\n\n\n\n<li>En cas d\u2019application de la nouvelle s\u00e9rie de normes,&nbsp;<strong>uniquement \u00e0 condition<\/strong>&nbsp;de les accompagner du dossier technique \u201cSC 144E\u201d pour les cas 3 et cas 4.<\/li>\n\n\n\n<li><strong>\u00c0 compter du 01\/06\/2026, <\/strong>seules les nouvelles versions de dossiers&nbsp;techniques seront accept\u00e9es par le CONSUEL.<\/li>\n<\/ul>\n\n\n\n<p><br><strong>Recommandation :<\/strong><br>Pour les chantiers r\u00e9alis\u00e9s conform\u00e9ment au cas 3, il est recommand\u00e9 de basculer rapidement vers les nouvelles versions de dossiers techniques (tableau ci-dessus).<\/p>\n\n\n\n<p><strong>Pourquoi l&rsquo;\u00e9volution de la Norme NF C 15-100<\/strong><\/p>\n\n\n\n<p><strong>Constat <\/strong>:<\/p>\n\n\n\n<p><strong>Augmentation <\/strong>significative des installations de production avec <strong>autoconsommation <\/strong>en m\u00eame temps un <strong>ralentissement <\/strong>consid\u00e9rable de la <strong>vente totale d\u2019\u00e9nergie produite<\/strong> par une installation photovolta\u00efque avec le raccordement du g\u00e9n\u00e9rateur sur un point de livraison (PRM) d\u00e9di\u00e9, et sans impact sur l\u2019installation de consommation.<\/p>\n\n\n\n<p><strong>Risques <\/strong>:<\/p>\n\n\n\n<p>Ce changement peut avoir une influence notable sur les installations \u00e9lectriques existantes, qui ne sont pas con\u00e7ues d&rsquo;origine par d\u00e9faut pour recevoir une intensit\u00e9 compl\u00e9mentaire produite par une installation de production.<\/p>\n\n\n\n<p>Les installations existantes ne sont pas toujours adapt\u00e9es \u00e0 la somme des courants (<strong>R\u00e9seau <\/strong>+ <strong>G\u00e9n\u00e9rateur<\/strong>). La loi de Kirchhoff s\u2019applique : Intensit\u00e9 <strong>AGCP <\/strong>+ Intensit\u00e9 <strong>GPVR <\/strong>doivent \u00eatre pris en compte pour dimensionner c\u00e2bles et protections.<\/p>\n\n\n\n<p><strong>R\u00e9ponse <\/strong>:<\/p>\n\n\n\n<p>C\u2019est pourquoi, la nouvelle s\u00e9rie de normes NF C 15-100 ajoute des r\u00e8gles importantes pour assurer la s\u00e9curit\u00e9 des personnes en pr\u00e9sence d\u2019\u00e9ventuelles surintensit\u00e9s li\u00e9es \u00e0 l\u2019<strong>ajout d\u2019un<br>g\u00e9n\u00e9rateur en autoconsommation<\/strong>. Le CONSUEL a adapt\u00e9 <a href=\"https:\/\/www.consuel.com\/dossiers-techniques\/\">les nouveaux Dossiers Techniques<\/a>,<\/p>\n\n\n\n<p><strong>Sont concern\u00e9s :<\/strong><\/p>\n\n\n\n<ul class=\"wp-block-list\">\n<li>Les installations Electriques neuves<\/li>\n\n\n\n<li>Modifications lors d&rsquo;une r\u00e9novation ou d&rsquo;une extension ( qui n\u00e9cessite un passage d&rsquo;un bureau de contr\u00f4le )<\/li>\n\n\n\n<li>La norme <strong>NF C 15-100<\/strong> introduit de nouvelles prescriptions pour garantir la protection des personnes contre les risques li\u00e9s aux surintensit\u00e9s que peut engendrer l\u2019int\u00e9gration d\u2019une installation <strong>photovolta\u00efque <\/strong>: g\u00e9n\u00e9rateur en autoconsommation. Evolution des r\u00e8gles de raccordement des installations photovolta\u00efques dans le r\u00e9sidentiel (avec ou sans autoconsommation). Le raccordement d&rsquo;une installation <strong>photovolta\u00efques <\/strong>doit \u00eatre conforme \u00e0 l&rsquo;<strong>article [551.7.1 &amp; 2<\/strong> de la <strong>NF C 15-100-1<\/strong>].<\/li>\n\n\n\n<li><strong>Art. 551.7.2<\/strong> : le branchement d\u2019un g\u00e9n\u00e9rateur \u00e9lectrique sur un circuit terminal via une prise de courant est interdit. De plus tout g\u00e9n\u00e9rateur ou autres sources doit \u00eatre raccord\u00e9 \u00ab\u00a0en amont des dispositifs de protection d&rsquo;un circuit terminal\u00a0\u00bb de l&rsquo;installation existante.<\/li>\n<\/ul>\n\n\n\n<p><strong>Ces changements impliquent :<\/strong><\/p>\n\n\n\n<ul class=\"wp-block-list\">\n<li>De nouveaux dossiers techniques&nbsp;\u00e0 utiliser pour vos projets ;<\/li>\n\n\n\n<li><strong>Des modalit\u00e9s de remplissage de vos Attestations de Conformit\u00e9 (AC) actualis\u00e9es<\/strong><\/li>\n<\/ul>\n\n\n\n<p><strong>Concr\u00e8tement :<\/strong><\/p>\n\n\n\n<ul class=\"wp-block-list\">\n<li>De&nbsp;<strong>nouveaux sc\u00e9narios de raccordement<\/strong>&nbsp;(cas 1 \u00e0 4) ont \u00e9t\u00e9 d\u00e9finis, chacun correspondant \u00e0 une situation pr\u00e9cise.<\/li>\n\n\n\n<li>Les dossiers techniques SC 144 ont \u00e9t\u00e9 mis \u00e0 jour . Pour le <strong>Cas 4<\/strong> : Autres cas de raccordement pour lesquels un dossier SC 144E devient obligatoire.<\/li>\n\n\n\n<li>Fournir le Sch\u00e9ma \u00e9lectrique de principe du chantier.<\/li>\n<\/ul>\n\n\n\n<p><strong>Evolutions :<\/strong><\/p>\n\n\n\n<ul class=\"wp-block-list\">\n<li>Exigences renforc\u00e9es pour le c\u00e2blage et la protection des circuits photovolta\u00efques<\/li>\n\n\n\n<li>Prescriptions pr\u00e9cises pour le sectionnement et le raccordement au tableau \u00e9lectrique<\/li>\n\n\n\n<li>Contr\u00f4le syst\u00e9matique par le Consuel avant toute mise en service<\/li>\n<\/ul>\n\n\n\n<p><strong>Protection diff\u00e9rentielle de type F (en 230V avec variateur de vitesse) :<\/strong><\/p>\n\n\n\n<ul class=\"wp-block-list\">\n<li><strong>Art. 553.2.6.1 de la NF C 15-100-1<\/strong><\/li>\n\n\n\n<li>Pompe \u00e0 chaleur<\/li>\n\n\n\n<li>Pompe de piscine<\/li>\n\n\n\n<li>Climatiseurs<\/li>\n<\/ul>\n\n\n\n<p><strong>Recharge de borne \u00e9lectrique<\/strong> :<\/p>\n\n\n\n<ul class=\"wp-block-list\">\n<li>Protection individuelle par Interrupteur ou Disjoncteur diff\u00e9rentiel<\/li>\n<\/ul>\n\n\n\n<p><strong>D\u00e9tecteur de d\u00e9faut d&rsquo;arc \u00e9lectrique <\/strong>(DPDA ou AFDD) :<\/p>\n\n\n\n<ul class=\"wp-block-list\">\n<li><strong>Art. 421.7 de la NF C 15-100-1<\/strong><\/li>\n\n\n\n<li><strong>Art. 532.6 de la NF C 15-100-1<\/strong><\/li>\n\n\n\n<li>D\u00e9tection de d\u00e9fauts \u00e9lectriques (qui sont des d\u00e9fauts de d\u00e9part d&rsquo;incendie) : Connexions mal viss\u00e9es &#8211; C\u00e2bles ab\u00eem\u00e9s<\/li>\n\n\n\n<li>Int\u00e9gr\u00e9 \u00e0 un disjoncteur ou \u00e0 un disjoncteur diff\u00e9rentiel<\/li>\n<\/ul>\n\n\n\n<p><strong>Parafoudre :<\/strong><\/p>\n\n\n\n<ul class=\"wp-block-list\">\n<li><strong>NF C 15-100-10<\/strong><\/li>\n\n\n\n<li>Type 1 et 2 ou Type 2<\/li>\n<\/ul>\n\n\n\n<p><strong>R\u00e9seau de communication<\/strong><\/p>\n\n\n\n<ul class=\"wp-block-list\">\n<li><strong>NF C 15-100-11<\/strong><\/li>\n\n\n\n<li>Les connexions ADSL doivent \u00eatre prot\u00e9g\u00e9es<\/li>\n<\/ul>\n\n\n\n<p><strong>La fibre n&rsquo;est pas concern\u00e9e<\/strong><\/p>\n\n\n\n<p><strong>Efficacit\u00e9 energ\u00e9tique<\/strong> :<\/p>\n\n\n\n<ul class=\"wp-block-list\">\n<li><strong>NF C 15-100-8-1<\/strong><\/li>\n\n\n\n<li>Installation d&rsquo;un syst\u00e8me intelligent pour suivre et optimiser la consommation \u00e9lectrique (conservation des donn\u00e9es pendant au moins 1 an)<\/li>\n\n\n\n<li>Pilotage de certains \u00e9quipements<\/li>\n\n\n\n<li>Prise en compte des installations PV y compris les modules isol\u00e9s dans le jardin<\/li>\n<\/ul>\n\n\n\n<p><a href=\"https:\/\/youtu.be\/RWVsZYCFPvI?feature=shared\">Extrait de ABB : https:\/\/youtu.be\/RWVsZYCFPvI?feature=shared<\/a><\/p>\n\n\n\n<figure class=\"wp-block-embed is-type-video is-provider-youtube wp-block-embed-youtube wp-embed-aspect-16-9 wp-has-aspect-ratio\"><div class=\"wp-block-embed__wrapper\">\n<iframe title=\"NF C15-100 : Ce qui change en 2025\" width=\"800\" height=\"450\" src=\"https:\/\/www.youtube.com\/embed\/RWVsZYCFPvI?feature=oembed\" frameborder=\"0\" allow=\"accelerometer; autoplay; clipboard-write; encrypted-media; gyroscope; picture-in-picture; web-share\" referrerpolicy=\"strict-origin-when-cross-origin\" allowfullscreen><\/iframe>\n<\/div><\/figure>\n\n\n\n<p>NF C 15-100 ABB Guide_Normatif<\/p>\n\n\n\n<p>NF C 15-100 Tereva : l\u2019Info CONSUEL 28 juillet 2025<\/p>\n\n\n\n<p><a href=\"https:\/\/www.tereva.fr\/document\/A-545611-tereva-experts-nf-c-15-100-rappel-des-amendements-a1-a2-a3-a4-a5\">NF C 15-100 : Rappel des amendements A1\/A2\/A3\/A4\/A5<\/a><\/p>\n\n\n\n<p><strong>Donn\u00e9es du CONSUEL<\/strong><\/p>\n\n\n\n<ul class=\"wp-block-list\">\n<li>D\u00e9tail des <strong>cas 1 \u00e0 4<\/strong> dans&nbsp;<a href=\"https:\/\/actualites.consuel.com\/installations-autoconsommation\/\">l\u2019article du 29 juillet de l\u2019Info CONSUEL<\/a><\/li>\n\n\n\n<li>Le CONSUEL a adapt\u00e9 <a href=\"https:\/\/www.consuel.com\/dossiers-techniques\/\">les nouveaux Dossiers Techniques<\/a> \u00e0 joindre aux Attestations de Conformit\u00e9<\/li>\n\n\n\n<li> dOSSIER CONSUEL      <a href=\"https:\/\/actualites.consuel.com\/comment-renseigner-la-version-de-la-normeapplicable-a-mon-installation\/\">HJGJHGJHGJHGJHGJH<\/a><\/li>\n<\/ul>\n\n\n\n<p>Raccordements selon les <strong>cas 3 et 4<\/strong> :<\/p>\n\n\n\n<ul class=\"wp-block-list\">\n<li>Joindre un <strong><a href=\"https:\/\/www.consuel.com\/dossiers-techniques\/\">dossier technique (SC 144E)<\/a><\/strong><\/li>\n\n\n\n<li>Un <strong>sch\u00e9ma de principe de l&rsquo;installation<\/strong><\/li>\n\n\n\n<li>Le <strong>certificat de conformit\u00e9 de l&rsquo;onduleur<\/strong><\/li>\n<\/ul>\n","protected":false},"excerpt":{"rendered":"<p>La norme NF C 15-100 \u00e9volue en Juillet 2025 L&rsquo;application de la nouvelle version NF C 15-100 devient obligatoire au 1er Septembre 2025. Elle concerne [&#8230;]<\/p>\n","protected":false},"author":4,"featured_media":0,"parent":7845,"menu_order":0,"comment_status":"closed","ping_status":"closed","template":"","meta":{"footnotes":""},"class_list":["post-7855","page","type-page","status-publish","hentry"],"aioseo_notices":[],"_links":{"self":[{"href":"https:\/\/www.coach-eco.com\/coach\/wp-json\/wp\/v2\/pages\/7855","targetHints":{"allow":["GET"]}}],"collection":[{"href":"https:\/\/www.coach-eco.com\/coach\/wp-json\/wp\/v2\/pages"}],"about":[{"href":"https:\/\/www.coach-eco.com\/coach\/wp-json\/wp\/v2\/types\/page"}],"author":[{"embeddable":true,"href":"https:\/\/www.coach-eco.com\/coach\/wp-json\/wp\/v2\/users\/4"}],"replies":[{"embeddable":true,"href":"https:\/\/www.coach-eco.com\/coach\/wp-json\/wp\/v2\/comments?post=7855"}],"version-history":[{"count":8,"href":"https:\/\/www.coach-eco.com\/coach\/wp-json\/wp\/v2\/pages\/7855\/revisions"}],"predecessor-version":[{"id":8490,"href":"https:\/\/www.coach-eco.com\/coach\/wp-json\/wp\/v2\/pages\/7855\/revisions\/8490"}],"up":[{"embeddable":true,"href":"https:\/\/www.coach-eco.com\/coach\/wp-json\/wp\/v2\/pages\/7845"}],"wp:attachment":[{"href":"https:\/\/www.coach-eco.com\/coach\/wp-json\/wp\/v2\/media?parent=7855"}],"curies":[{"name":"wp","href":"https:\/\/api.w.org\/{rel}","templated":true}]}}