{"id":3794,"date":"2013-01-27T09:44:04","date_gmt":"2013-01-27T09:44:04","guid":{"rendered":"http:\/\/www.coach-eco.com\/coach\/?page_id=3794"},"modified":"2025-10-30T18:27:57","modified_gmt":"2025-10-30T17:27:57","slug":"sav-depannage-pompe-a-chaleur-pac","status":"publish","type":"page","link":"https:\/\/www.coach-eco.com\/coach\/sav-depannage-pompe-a-chaleur-pac\/","title":{"rendered":"SAV \/ D\u00e9pannage Pompe \u00e0 chaleur (PAC)"},"content":{"rendered":"\t\t<div data-elementor-type=\"wp-page\" data-elementor-id=\"3794\" class=\"elementor elementor-3794\" data-elementor-post-type=\"page\">\n\t\t\t\t<div class=\"elementor-element elementor-element-34b5f0e3 e-flex e-con-boxed e-con e-parent\" data-id=\"34b5f0e3\" data-element_type=\"container\" data-e-type=\"container\">\n\t\t\t\t\t<div class=\"e-con-inner\">\n\t\t\t\t<div class=\"elementor-element elementor-element-ba7a5b6 elementor-widget elementor-widget-spacer\" data-id=\"ba7a5b6\" data-element_type=\"widget\" data-e-type=\"widget\" data-widget_type=\"spacer.default\">\n\t\t\t\t\t\t\t<div class=\"elementor-spacer\">\n\t\t\t<div class=\"elementor-spacer-inner\"><\/div>\n\t\t<\/div>\n\t\t\t\t\t\t<\/div>\n\t\t\t\t<div class=\"elementor-element elementor-element-4d508e2c elementor-widget elementor-widget-text-editor\" data-id=\"4d508e2c\" data-element_type=\"widget\" data-e-type=\"widget\" data-widget_type=\"text-editor.default\">\n\t\t\t\t\t\t\t\t\tLes <span style=\"color: #800000;\"><strong>Sympt\u00f4mes<\/strong><\/span> de pannes ou de dysfonctionnements des <strong><span style=\"color: #0000ff;\">Pompes \u00e0 chaleur\u00a0G\u00e9othermie, Pompe \u00e0 chaleur A\u00e9rothermie, Ballon Thermodynamique.<\/span><\/strong>\r\n\r\n&nbsp;\r\n\r\n&nbsp;\r\n<ul>\r\n\t<li>Ma pompe \u00e0 chaleur ne d\u00e9marre pas<\/li>\r\n\t<li>La Pompe \u00e0 chaleur tourne tr\u00e8s longtemps ou ne tourne plus:<em> Il se peut que ce soit un manque de Gaz Frigorig\u00e8ne dans l&rsquo;installation<\/em><\/li>\r\n\t<li>Pour une installation sur Eau de Forage:<em> Les filtres du forage sont-ils propres ?<\/em><\/li>\r\n\t<li>Le voyant HP de ma Pompe \u00e0 chaleur est allum\u00e9: <em>Probl\u00e8me de circulation sur le circuit secondaire<\/em><\/li>\r\n\t<li>Le voyant BP de ma Pompe \u00e0 chaleur est allum\u00e9: <em>Probl\u00e8me de circulation sur le circuit primaire<\/em><\/li>\r\n\t<li>Je n&rsquo;ai plus de pression dans le circuit de chauffage:<em> Refaire l&rsquo;appoint d&rsquo;eau<\/em><\/li>\r\n\t<li>Je n&rsquo;ai plus de pression dans le circuit de mon capteur geothermique en eau: <em>Refaire l&rsquo;appoint avec un antigel,<\/em> <span style=\"color: #ff0000;\"><strong>\u00a0<em>Faire une demande de SAV aupr\u00e8s d&rsquo;un Professionnel<\/em><\/strong><\/span>\r\n<span style=\"color: #ff0000;\">ATTENTION \u00e0 ne pas rajouter de l&rsquo;eau uniquement<\/span><\/li>\r\n\t<li><span style=\"color: #000000;\">Une surtension ou une sous-tension de votre r\u00e9seau \u00e9lectrique peuvent-\u00eatre une cause de la source de panne de votre Pompe \u00e0 chaleur<\/span><\/li>\r\n\t<li>Le capteur g\u00e9othermique fuit<\/li>\r\n\t<li>Ma pompe \u00e0 chaleur indique un code panne<\/li>\r\n\t<li>Le circulateur ne s&rsquo;enclenche pas<\/li>\r\n\t<li>Il y a un manque d&rsquo;eau dans ma pompe \u00e0 chaleur<\/li>\r\n\t<li>&#8230;..<\/li>\r\n<\/ul>\r\n&nbsp;\r\n<p style=\"text-align: center;\">Pour votre demande de SAV \/ D\u00e9pannage \/ Contrat d&rsquo;entretien \/ Contrat de maintenance\r\nSuivre le lien ci-dessous en fonction de la Marque:<\/p>\r\n\r\n<h3 style=\"text-align: center;\"><strong><a title=\"Formulaire SAV \/ D\u00e9pannage Pompe \u00e0 Chaleur (PAC)\" href=\"https:\/\/www.coach-eco.com\/coach\/formulaire-sav-pompe-a-chaleur-2\" target=\"_blank\">SAV \/ D\u00e9pannage Pompe \u00e0 chaleur (PAC)<\/a>\r\n<\/strong><\/h3>\r\n<h3 style=\"text-align: center;\"><strong><a title=\"Formulaire SAV \/ D\u00e9pannage Pompe \u00e0 Chaleur (PAC)\" href=\"https:\/\/www.coach-eco.com\/coach\/france-geothermie-sav-depannage-entretien-maintenance-pompe-a-chaleur-geothermie-aerothermie-forage-sonde\" target=\"_blank\">SAV \/ D\u00e9pannage Pompe \u00e0 chaleur \u00a0\u00bb FRANCE GEOTHERMIE \u00ab\u00a0<\/a>\r\n<\/strong><\/h3>\r\n<h3 style=\"text-align: center;\"><strong><a title=\"Formulaire SAV \/ D\u00e9pannage Pompe \u00e0 Chaleur (PAC)\" href=\"https:\/\/www.coach-eco.com\/coach\/sofath-sav-depannage-entretien-maintenance-pompe-a-chaleur-geothermie-aerothermie-forage-sonde-2\" target=\"_blank\">SAV \/ D\u00e9pannage Pompe \u00e0 chaleur \u00a0\u00bb SOFATH \u00ab\u00a0<\/a>\r\n<\/strong><\/h3>\r\n<h3 style=\"text-align: center;\"><strong><a title=\"Formulaire SAV \/ D\u00e9pannage Pompe \u00e0 Chaleur (PAC)\" href=\"https:\/\/www.coach-eco.com\/coach\/avenir-energie-geothermie-sav-depannage-entretien-maintenance-pompe-a-chaleur-geothermie-aerothermie-forage-sonde\" target=\"_blank\">SAV \/ D\u00e9pannage Pompe \u00e0 chaleur \u00a0\u00bb AVENIR ENERGIE \u00ab\u00a0<\/a>\r\n<\/strong><\/h3>\r\n<h3 style=\"text-align: center;\"><strong><a title=\"Formulaire SAV \/ D\u00e9pannage Pompe \u00e0 Chaleur (PAC)\" href=\"https:\/\/www.coach-eco.com\/coach\/daikin-sav-depannage-entretien-maintenance-pompe-a-chaleur-geothermie-aerothermie-forage-sonde\" target=\"_blank\">SAV \/ D\u00e9pannage Pompe \u00e0 chaleur \u00a0\u00bb DAIKIN \u00ab\u00a0<\/a>\r\n<\/strong><\/h3>\t\t\t\t\t\t\t\t<\/div>\n\t\t\t\t\t<\/div>\n\t\t\t\t<\/div>\n\t\t\t\t<\/div>\n\t\t","protected":false},"excerpt":{"rendered":"<p>Les Sympt\u00f4mes de pannes ou de dysfonctionnements des Pompes \u00e0 chaleur\u00a0G\u00e9othermie, Pompe \u00e0 chaleur A\u00e9rothermie, Ballon Thermodynamique. &nbsp; &nbsp; Ma pompe \u00e0 chaleur ne d\u00e9marre [&#8230;]<\/p>\n","protected":false},"author":4,"featured_media":0,"parent":0,"menu_order":0,"comment_status":"closed","ping_status":"open","template":"","meta":{"footnotes":""},"class_list":["post-3794","page","type-page","status-publish","hentry"],"aioseo_notices":[],"_links":{"self":[{"href":"https:\/\/www.coach-eco.com\/coach\/wp-json\/wp\/v2\/pages\/3794","targetHints":{"allow":["GET"]}}],"collection":[{"href":"https:\/\/www.coach-eco.com\/coach\/wp-json\/wp\/v2\/pages"}],"about":[{"href":"https:\/\/www.coach-eco.com\/coach\/wp-json\/wp\/v2\/types\/page"}],"author":[{"embeddable":true,"href":"https:\/\/www.coach-eco.com\/coach\/wp-json\/wp\/v2\/users\/4"}],"replies":[{"embeddable":true,"href":"https:\/\/www.coach-eco.com\/coach\/wp-json\/wp\/v2\/comments?post=3794"}],"version-history":[{"count":3,"href":"https:\/\/www.coach-eco.com\/coach\/wp-json\/wp\/v2\/pages\/3794\/revisions"}],"predecessor-version":[{"id":9358,"href":"https:\/\/www.coach-eco.com\/coach\/wp-json\/wp\/v2\/pages\/3794\/revisions\/9358"}],"wp:attachment":[{"href":"https:\/\/www.coach-eco.com\/coach\/wp-json\/wp\/v2\/media?parent=3794"}],"curies":[{"name":"wp","href":"https:\/\/api.w.org\/{rel}","templated":true}]}}