{"id":2318,"date":"2012-04-20T21:33:55","date_gmt":"2012-04-20T21:33:55","guid":{"rendered":"http:\/\/www.coach-eco.com\/coach\/?page_id=2318"},"modified":"2025-10-28T18:25:48","modified_gmt":"2025-10-28T17:25:48","slug":"calendriers","status":"publish","type":"page","link":"https:\/\/www.coach-eco.com\/coach\/calendriers\/","title":{"rendered":"Calendriers"},"content":{"rendered":"\t\t<div data-elementor-type=\"wp-page\" data-elementor-id=\"2318\" class=\"elementor elementor-2318\" data-elementor-post-type=\"page\">\n\t\t\t\t<div class=\"elementor-element elementor-element-62de16fd e-flex e-con-boxed e-con e-parent\" data-id=\"62de16fd\" data-element_type=\"container\" data-e-type=\"container\">\n\t\t\t\t\t<div class=\"e-con-inner\">\n\t\t\t\t<div class=\"elementor-element elementor-element-31cbc72e elementor-widget elementor-widget-text-editor\" data-id=\"31cbc72e\" data-element_type=\"widget\" data-e-type=\"widget\" data-widget_type=\"text-editor.default\">\n\t\t\t\t\t\t\t\t\t<p>Vous \u00eates dans la rubrique\u00a0calendriers. Ceux-ci sont r\u00e9guli\u00e8rement aliment\u00e9s et mis \u00e0 jour. \u00a0 Vous \u00eates <strong><span style=\"color: #0000ff;\">organisateur<\/span><\/strong> de <strong>Salons<\/strong> ou d&rsquo; <strong>\u00e9v\u00e9nements<\/strong> (<strong>Conf\u00e9rence<\/strong>, <strong>R\u00e9union Technique<\/strong>) li\u00e9s \u00e0 l&rsquo; <strong>habitat<\/strong> ou \u00e0 l&rsquo; <strong>\u00e9nergie<\/strong>: vous pouvez faire votre demande pour que votre\u00a0\u00e9v\u00e9nement apparaisse sur le calendrier.<\/p><p style=\"text-align: center;\"><strong><a href=\"https:\/\/www.coach-eco.com\/coach\/inscription-calendrier-salon-habitat\" target=\"_blank\" rel=\"noopener\">Je souhaite apparaitre sur le \u00a0\u00bb Calendrier des Salons de l\u2019Habitat \u00ab<\/a><\/strong><\/p><p>\u00a0<\/p><p>Vous \u00eates <strong><span style=\"color: #0000ff;\">visiteur<\/span><\/strong>: Vous pouvez vous inscrire pour \u00eatre inform\u00e9 sur votre boite mail des nouveaux \u00e9v\u00eanements. Vous pouvez choisir le\u00a0rappel de la date de l&rsquo;\u00e9v\u00e9nement. Vous pouvez recevoir des invitations gratuites.<\/p><p style=\"text-align: center;\"><strong><a href=\"https:\/\/www.coach-eco.com\/coach\/inscription-dates-evenements\" target=\"_blank\" rel=\"noopener\">Je souhaite \u00eatre inform\u00e9 des dates des \u00e9v\u00e9nements par e-mail<\/a><\/strong><\/p><p>\u00a0<\/p><p>Vous \u00eates <span style=\"color: #0000ff;\"><strong>exposant<\/strong><\/span>: Vous souhaitez b\u00e9n\u00e9ficier d&rsquo;une promotion de votre produit ou de votre service. Vous pouvez choisir le\u00a0rappel de la date de l&rsquo;\u00e9v\u00e9nement.\u00a0Vous voulez proposer\u00a0des invitations gratuites.<\/p><p style=\"text-align: center;\">\u00a0<strong><a href=\"https:\/\/www.coach-eco.com\/coach\/inscription-exposant-salon-habitat\" target=\"_blank\" rel=\"noopener\">Je souhaite participer aux informations des \u00e9v\u00e9nements<\/a><\/strong><\/p><p>\u00a0<\/p><p>en cours de r\u00e9alisation:<\/p><ul><li><a href=\"https:\/\/www.coach-eco.com\/coach\/liste-salons-habitat-2013\" target=\"_blank\" rel=\"noopener\">Calendrier 2013 des Salons de l\u2019Habitat<\/a><\/li><li><a href=\"https:\/\/www.coach-eco.com\/coach\/calendrier-2012-salons-professionnels\" target=\"_blank\" rel=\"noopener\">Calendrier 2013 des Salons Professionnels<\/a><\/li><li><a href=\"https:\/\/www.coach-eco.com\/coach\/calendrier-2012-des-conferences-reunions-techniques\" target=\"_blank\" rel=\"noopener\">Calendrier 2013 des Conf\u00e9rences &amp; R\u00e9unions Techniques<\/a><\/li><li><a href=\"https:\/\/www.coach-eco.com\/coach\/calendrier-2012-des-manifestations-nature-environnement\" target=\"_blank\" rel=\"noopener\">Calendrier 2013 des Manifestations Nature, Environnement<\/a><\/li><\/ul><p>\u00a0<\/p><p>Les anciens calendriers de 2012:<\/p><ul><li><a href=\"https:\/\/www.coach-eco.com\/coach\/calendrier-2012-salon-habitat\" target=\"_blank\" rel=\"noopener\">Calendrier 2012\u00a0des\u00a0Salons de l\u2019Habitat<\/a><\/li><li><a href=\"https:\/\/www.coach-eco.com\/coach\/calendrier-2012-salons-professionnels\" target=\"_blank\" rel=\"noopener\">Calendrier 2012 des Salons Professionnels<\/a><\/li><li><a href=\"https:\/\/www.coach-eco.com\/coach\/calendrier-2012-des-conferences-reunions-techniques\" target=\"_blank\" rel=\"noopener\">Calendrier 2012 des Conf\u00e9rences &amp; R\u00e9unions Techniques<\/a><\/li><li><a href=\"https:\/\/www.coach-eco.com\/coach\/calendrier-2012-des-manifestations-nature-environnement\" target=\"_blank\" rel=\"noopener\">Calendrier 2012 des Manifestations Nature, Environnement<\/a><\/li><\/ul><p>en cours de r\u00e9alisation:<\/p><ul><li>Portes ouvertes<\/li><li>Calendrier 2012 des Foires commerciales<\/li><\/ul>\t\t\t\t\t\t\t\t<\/div>\n\t\t\t\t\t<\/div>\n\t\t\t\t<\/div>\n\t\t\t\t<\/div>\n\t\t","protected":false},"excerpt":{"rendered":"<p>Vous \u00eates dans la rubrique\u00a0calendriers. Ceux-ci sont r\u00e9guli\u00e8rement aliment\u00e9s et mis \u00e0 jour. \u00a0 Vous \u00eates organisateur de Salons ou d&rsquo; \u00e9v\u00e9nements (Conf\u00e9rence, R\u00e9union Technique) [&#8230;]<\/p>\n","protected":false},"author":4,"featured_media":0,"parent":0,"menu_order":0,"comment_status":"closed","ping_status":"open","template":"","meta":{"footnotes":""},"class_list":["post-2318","page","type-page","status-publish","hentry"],"aioseo_notices":[],"_links":{"self":[{"href":"https:\/\/www.coach-eco.com\/coach\/wp-json\/wp\/v2\/pages\/2318","targetHints":{"allow":["GET"]}}],"collection":[{"href":"https:\/\/www.coach-eco.com\/coach\/wp-json\/wp\/v2\/pages"}],"about":[{"href":"https:\/\/www.coach-eco.com\/coach\/wp-json\/wp\/v2\/types\/page"}],"author":[{"embeddable":true,"href":"https:\/\/www.coach-eco.com\/coach\/wp-json\/wp\/v2\/users\/4"}],"replies":[{"embeddable":true,"href":"https:\/\/www.coach-eco.com\/coach\/wp-json\/wp\/v2\/comments?post=2318"}],"version-history":[{"count":3,"href":"https:\/\/www.coach-eco.com\/coach\/wp-json\/wp\/v2\/pages\/2318\/revisions"}],"predecessor-version":[{"id":8951,"href":"https:\/\/www.coach-eco.com\/coach\/wp-json\/wp\/v2\/pages\/2318\/revisions\/8951"}],"wp:attachment":[{"href":"https:\/\/www.coach-eco.com\/coach\/wp-json\/wp\/v2\/media?parent=2318"}],"curies":[{"name":"wp","href":"https:\/\/api.w.org\/{rel}","templated":true}]}}