{"id":1403,"date":"2011-12-29T19:06:20","date_gmt":"2011-12-29T19:06:20","guid":{"rendered":"http:\/\/www.coach-eco.com\/coach\/?page_id=1403"},"modified":"2025-10-28T18:00:52","modified_gmt":"2025-10-28T17:00:52","slug":"electricite-abonnement-tarif-bleu-option-tempo-en-ettc","status":"publish","type":"page","link":"https:\/\/www.coach-eco.com\/coach\/abonnements-et-couts-des-energies-historique\/electricite-abonnement-tarif-bleu-option-tempo-en-ettc\/","title":{"rendered":"Electricit\u00e9 Abonnement: Tarif Bleu Option Tempo en \u20acTTC"},"content":{"rendered":"\t\t<div data-elementor-type=\"wp-page\" data-elementor-id=\"1403\" class=\"elementor elementor-1403\" data-elementor-post-type=\"page\">\n\t\t\t\t<div class=\"elementor-element elementor-element-41f5f0 e-flex e-con-boxed e-con e-parent\" data-id=\"41f5f0\" data-element_type=\"container\" data-e-type=\"container\">\n\t\t\t\t\t<div class=\"e-con-inner\">\n\t\t\t\t<div class=\"elementor-element elementor-element-149cb41 elementor-widget elementor-widget-spacer\" data-id=\"149cb41\" data-element_type=\"widget\" data-e-type=\"widget\" data-widget_type=\"spacer.default\">\n\t\t\t\t\t\t\t<div class=\"elementor-spacer\">\n\t\t\t<div class=\"elementor-spacer-inner\"><\/div>\n\t\t<\/div>\n\t\t\t\t\t\t<\/div>\n\t\t\t\t<div class=\"elementor-element elementor-element-c9fa51d elementor-widget elementor-widget-heading\" data-id=\"c9fa51d\" data-element_type=\"widget\" data-e-type=\"widget\" data-widget_type=\"heading.default\">\n\t\t\t\t\t<h2 class=\"elementor-heading-title elementor-size-default\">Electricit\u00e9 Abonnement: Tarif Bleu Option HC en \u20acTTC<\/h2>\t\t\t\t<\/div>\n\t\t\t\t<div class=\"elementor-element elementor-element-11725a0a elementor-widget elementor-widget-text-editor\" data-id=\"11725a0a\" data-element_type=\"widget\" data-e-type=\"widget\" data-widget_type=\"text-editor.default\">\n\t\t\t\t\t\t\t\t\t<p><span style=\"text-decoration: underline;\">Abonnements annuels \u00e9lectricit\u00e9 \u00a0\u00bb Tarif Bleu Option Tempo \u00a0\u00bb (en \u20acTTC): Tarif 9kVA, 12kVA, 30kVA, 36kVA de 1995 \u00e0 2010<\/span><\/p><p><span style=\"text-decoration: underline;\"><a href=\"https:\/\/www.coach-eco.com\/coach\/wp-content\/uploads\/2011\/10\/Abonnement_Elec_Tarif_Bleu_Tempo_depuis_1983.png\"><img fetchpriority=\"high\" decoding=\"async\" class=\"aligncenter size-full wp-image-523\" title=\"Abonnement_Elec_Tarif_Bleu_Tempo_depuis_1983\" src=\"https:\/\/www.coach-eco.com\/coach\/wp-content\/uploads\/2011\/10\/Abonnement_Elec_Tarif_Bleu_Tempo_depuis_1983.png\" alt=\"\" width=\"600\" height=\"450\" srcset=\"https:\/\/www.coach-eco.com\/coach\/wp-content\/uploads\/2011\/10\/Abonnement_Elec_Tarif_Bleu_Tempo_depuis_1983.png 600w, https:\/\/www.coach-eco.com\/coach\/wp-content\/uploads\/2011\/10\/Abonnement_Elec_Tarif_Bleu_Tempo_depuis_1983-300x225.png 300w\" sizes=\"(max-width: 600px) 100vw, 600px\" \/><\/a><\/span><\/p><p>\u00a0<\/p><p>\u00a0<\/p><p><span style=\"text-decoration: underline;\">Zoom sur les Abonnements annuels Electricit\u00e9 (en \u20acTTC): Tarif 9kVA, 12kVA, 15kVA, 18kVA de 2006 \u00e0 2010<\/span><\/p><p><span style=\"text-decoration: underline;\"><a href=\"https:\/\/www.coach-eco.com\/coach\/wp-content\/uploads\/2011\/10\/Abonnement_Elec_Tarif_Bleu_Tempo_depuis_2005.png\"><img decoding=\"async\" class=\"aligncenter size-full wp-image-524\" title=\"Abonnement_Elec_Tarif_Bleu_Tempo_depuis_2005\" src=\"https:\/\/www.coach-eco.com\/coach\/wp-content\/uploads\/2011\/10\/Abonnement_Elec_Tarif_Bleu_Tempo_depuis_2005.png\" alt=\"\" width=\"600\" height=\"450\" srcset=\"https:\/\/www.coach-eco.com\/coach\/wp-content\/uploads\/2011\/10\/Abonnement_Elec_Tarif_Bleu_Tempo_depuis_2005.png 600w, https:\/\/www.coach-eco.com\/coach\/wp-content\/uploads\/2011\/10\/Abonnement_Elec_Tarif_Bleu_Tempo_depuis_2005-300x225.png 300w\" sizes=\"(max-width: 600px) 100vw, 600px\" \/><\/a><\/span><\/p><p>\u00a0<\/p><p>\u00a0<\/p><p>\u00a0<\/p><p>\u00a0<\/p><p><span style=\"text-decoration: underline;\">Abonnements annuels Electricit\u00e9 &amp; Evolution des Prix en % de 2005 \u00e0 2010 <\/span><\/p><table dir=\"ltr\" border=\"1\" width=\"604\" cellspacing=\"0\" cellpadding=\"2\"><tbody><tr><td width=\"11%\" height=\"17\">\u00a0<\/td><td colspan=\"2\" width=\"22%\" height=\"17\"><p align=\"center\">Tarifs en \u20acTTC<\/p><\/td><td width=\"11%\" height=\"17\">\u00a0<\/td><td width=\"11%\" height=\"17\">\u00a0<\/td><td colspan=\"3\" width=\"33%\" height=\"17\"><p align=\"center\">Variation des prix en %<\/p><\/td><td width=\"11%\" height=\"17\">\u00a0<\/td><\/tr><tr><td width=\"11%\" height=\"17\">\u00a0<\/td><td width=\"11%\" height=\"17\"><p align=\"center\">9kVA<\/p><\/td><td width=\"11%\" height=\"17\"><p align=\"center\">12kVA<\/p><\/td><td width=\"11%\" height=\"17\"><p align=\"center\">30kVA<\/p><\/td><td width=\"11%\" height=\"17\"><p align=\"center\">36kVA<\/p><\/td><td width=\"11%\" height=\"17\"><p align=\"center\">9kVA<\/p><\/td><td width=\"11%\" height=\"17\"><p align=\"center\">12kVA<\/p><\/td><td width=\"11%\" height=\"17\"><p align=\"center\">30kVA<\/p><\/td><td width=\"11%\" height=\"17\"><p align=\"center\">36kVA<\/p><\/td><\/tr><tr><td width=\"11%\" height=\"16\"><p align=\"right\">2005<\/p><\/td><td width=\"11%\" height=\"16\"><p align=\"right\">162,42<\/p><\/td><td width=\"11%\" height=\"16\"><p align=\"right\">222,36<\/p><\/td><td width=\"11%\" height=\"16\"><p align=\"right\">409,06<\/p><\/td><td width=\"11%\" height=\"16\"><p align=\"right\">549,72<\/p><\/td><td width=\"11%\" height=\"16\">\u00a0<\/td><td width=\"11%\" height=\"16\">\u00a0<\/td><td width=\"11%\" height=\"16\">\u00a0<\/td><td width=\"11%\" height=\"16\">\u00a0<\/td><\/tr><tr><td width=\"11%\" height=\"16\"><p align=\"right\">2006<\/p><\/td><td width=\"11%\" height=\"16\"><p align=\"right\">162,63<\/p><\/td><td width=\"11%\" height=\"16\"><p align=\"right\">222,63<\/p><\/td><td width=\"11%\" height=\"16\"><p align=\"right\">406,59<\/p><\/td><td width=\"11%\" height=\"16\"><p align=\"right\">550,47<\/p><\/td><td width=\"11%\" height=\"16\"><p align=\"right\"><span style=\"color: #ff0000;\">+<\/span>0,13%<\/p><\/td><td width=\"11%\" height=\"16\"><p align=\"right\"><span style=\"color: #ff0000;\">+<\/span>0,12%<\/p><\/td><td width=\"11%\" height=\"16\"><p align=\"right\">-0,60%<\/p><\/td><td width=\"11%\" height=\"16\"><p align=\"right\"><span style=\"color: #ff0000;\">+<\/span>0,14%<\/p><\/td><\/tr><tr><td width=\"11%\" height=\"16\"><p align=\"right\">2007<\/p><\/td><td width=\"11%\" height=\"16\"><p align=\"right\">164,06<\/p><\/td><td width=\"11%\" height=\"16\"><p align=\"right\">224,57<\/p><\/td><td width=\"11%\" height=\"16\"><p align=\"right\">413,17<\/p><\/td><td width=\"11%\" height=\"16\"><p align=\"right\">555,39<\/p><\/td><td width=\"11%\" height=\"16\"><p align=\"right\"><span style=\"color: #ff0000;\">+<\/span>0,88%<\/p><\/td><td width=\"11%\" height=\"16\"><p align=\"right\"><span style=\"color: #ff0000;\">+<\/span>0,87%<\/p><\/td><td width=\"11%\" height=\"16\"><p align=\"right\"><span style=\"color: #ff0000;\">+<\/span>1,62%<\/p><\/td><td width=\"11%\" height=\"16\"><p align=\"right\"><span style=\"color: #ff0000;\">+<\/span>0,89%<\/p><\/td><\/tr><tr><td width=\"11%\" height=\"16\"><p align=\"right\">2008<\/p><\/td><td width=\"11%\" height=\"16\"><p align=\"right\">166,51<\/p><\/td><td width=\"11%\" height=\"16\"><p align=\"right\">227,94<\/p><\/td><td width=\"11%\" height=\"16\"><p align=\"right\">419,31<\/p><\/td><td width=\"11%\" height=\"16\"><p align=\"right\">563,49<\/p><\/td><td width=\"11%\" height=\"16\"><p align=\"right\"><span style=\"color: #ff0000;\">+<\/span>1,49%<\/p><\/td><td width=\"11%\" height=\"16\"><p align=\"right\"><span style=\"color: #ff0000;\">+<\/span>1,50%<\/p><\/td><td width=\"11%\" height=\"16\"><p align=\"right\"><span style=\"color: #ff0000;\">+<\/span>1,49%<\/p><\/td><td width=\"11%\" height=\"16\"><p align=\"right\"><span style=\"color: #ff0000;\">+<\/span>1,53%<\/p><\/td><\/tr><tr><td width=\"11%\" height=\"16\"><p align=\"right\">2009<\/p><\/td><td width=\"11%\" height=\"16\"><p align=\"right\">145,58<\/p><\/td><td width=\"11%\" height=\"16\"><p align=\"right\">222,68<\/p><\/td><td width=\"11%\" height=\"16\"><p align=\"right\">444,52<\/p><\/td><td width=\"11%\" height=\"16\"><p align=\"right\">577,59<\/p><\/td><td width=\"11%\" height=\"16\"><p align=\"right\">-12,57%<\/p><\/td><td width=\"11%\" height=\"16\"><p align=\"right\">-2,31%<\/p><\/td><td width=\"11%\" height=\"16\"><p align=\"right\"><span style=\"color: #ff0000;\">+<\/span>6,01%<\/p><\/td><td width=\"11%\" height=\"16\"><p align=\"right\"><span style=\"color: #ff0000;\">+<\/span>2,43%<\/p><\/td><\/tr><tr><td width=\"11%\" height=\"16\"><p align=\"right\">2010<\/p><\/td><td width=\"11%\" height=\"16\"><p align=\"right\">115,01<\/p><\/td><td width=\"11%\" height=\"16\"><p align=\"right\">214,27<\/p><\/td><td width=\"11%\" height=\"16\"><p align=\"right\">479,03<\/p><\/td><td width=\"11%\" height=\"16\"><p align=\"right\">594,67<\/p><\/td><td width=\"11%\" height=\"16\"><p align=\"right\">-21,00%<\/p><\/td><td width=\"11%\" height=\"16\"><p align=\"right\">-3,78%<\/p><\/td><td width=\"11%\" height=\"16\"><p align=\"right\"><span style=\"color: #ff0000;\">+<\/span>7,76%<\/p><\/td><td width=\"11%\" height=\"16\"><p align=\"right\"><span style=\"color: #ff0000;\">+<\/span>2,96%<\/p><\/td><\/tr><tr><td width=\"11%\" height=\"17\"><p align=\"right\">2011<\/p><\/td><td width=\"11%\" height=\"17\">\u00a0<\/td><td width=\"11%\" height=\"17\">\u00a0<\/td><td width=\"11%\" height=\"17\">\u00a0<\/td><td width=\"11%\" height=\"17\">\u00a0<\/td><td width=\"11%\" height=\"17\">\u00a0<\/td><td width=\"11%\" height=\"17\">\u00a0<\/td><td width=\"11%\" height=\"17\">\u00a0<\/td><td width=\"11%\" height=\"17\">\u00a0<\/td><\/tr><\/tbody><\/table><p>\u00a0<\/p><p><span style=\"text-decoration: underline;\">Variation des Abonnements de 2007 \u00e0 2010:<\/span><\/p><ul><li>Le tarif 9kVA \u00e0 baiss\u00e9 de: -29,90%<\/li><li>Le tarif 12kVA \u00e0 baiss\u00e9 de: -4,59%<\/li><li>Le tarif 30kVA \u00e0 augment\u00e9 de: <span style=\"color: #ff0000;\">+<\/span>15,94%<\/li><li>Le tarif 36kVA \u00e0 augment\u00e9 de: <span style=\"color: #ff0000;\">+<\/span>7,07%<\/li><\/ul><p><span style=\"text-decoration: underline;\">Variation moyenne Annuelle:<\/span><\/p><ul><li>Tarif 9kVA : -10,69%<\/li><li>Tarif 12kVA : -1,53%<\/li><li>Tarif 30kVA : <span style=\"color: #ff0000;\">+<\/span>5,09%<\/li><li>Tarif 36kVA : <span style=\"color: #ff0000;\">+<\/span>2,31%.<\/li><\/ul><p><span style=\"color: #008000;\">Les Abonnements Electricit\u00e9 de 9kVA \u00e0 18kVA sont \u00e0 la Baisse,<\/span><\/p><p><span style=\"color: #000000;\">contrairement,<\/span><\/p><p>Les Abonnements Gaz de Ville sont \u00e0 la Hausse. <a href=\"https:\/\/www.coach-eco.com\/coach\/tableau-abonnement-et-couts-en-ekwh-gaz-de-ville.html\" target=\"_blank\" rel=\"noopener\">(voir les Abonnements du Gaz de Ville \/ Gaz Naturel)<\/a><\/p><p>\u00a0<\/p><p><span style=\"text-decoration: underline;\">Liste des Tarifs Bleu \u00ab\u00a0Tempo\u00a0\u00bb:<\/span><\/p><p>9kVA, 12kVA, 30kVA, 36kVA<\/p>\t\t\t\t\t\t\t\t<\/div>\n\t\t\t\t\t<\/div>\n\t\t\t\t<\/div>\n\t\t\t\t<\/div>\n\t\t","protected":false},"excerpt":{"rendered":"<p>Electricit\u00e9 Abonnement: Tarif Bleu Option HC en \u20acTTC Abonnements annuels \u00e9lectricit\u00e9 \u00a0\u00bb Tarif Bleu Option Tempo \u00a0\u00bb (en \u20acTTC): Tarif 9kVA, 12kVA, 30kVA, 36kVA de [&#8230;]<\/p>\n","protected":false},"author":4,"featured_media":0,"parent":1392,"menu_order":3,"comment_status":"closed","ping_status":"open","template":"","meta":{"footnotes":""},"class_list":["post-1403","page","type-page","status-publish","hentry"],"aioseo_notices":[],"_links":{"self":[{"href":"https:\/\/www.coach-eco.com\/coach\/wp-json\/wp\/v2\/pages\/1403","targetHints":{"allow":["GET"]}}],"collection":[{"href":"https:\/\/www.coach-eco.com\/coach\/wp-json\/wp\/v2\/pages"}],"about":[{"href":"https:\/\/www.coach-eco.com\/coach\/wp-json\/wp\/v2\/types\/page"}],"author":[{"embeddable":true,"href":"https:\/\/www.coach-eco.com\/coach\/wp-json\/wp\/v2\/users\/4"}],"replies":[{"embeddable":true,"href":"https:\/\/www.coach-eco.com\/coach\/wp-json\/wp\/v2\/comments?post=1403"}],"version-history":[{"count":6,"href":"https:\/\/www.coach-eco.com\/coach\/wp-json\/wp\/v2\/pages\/1403\/revisions"}],"predecessor-version":[{"id":8888,"href":"https:\/\/www.coach-eco.com\/coach\/wp-json\/wp\/v2\/pages\/1403\/revisions\/8888"}],"up":[{"embeddable":true,"href":"https:\/\/www.coach-eco.com\/coach\/wp-json\/wp\/v2\/pages\/1392"}],"wp:attachment":[{"href":"https:\/\/www.coach-eco.com\/coach\/wp-json\/wp\/v2\/media?parent=1403"}],"curies":[{"name":"wp","href":"https:\/\/api.w.org\/{rel}","templated":true}]}}